[INFO] cloning repository https://github.com/storyfeet/rpg_tracker
[INFO] running `Command { std: "git" "-c" "credential.helper=" "-c" "credential.helper=/workspace/cargo-home/bin/git-credential-null" "clone" "--bare" "https://github.com/storyfeet/rpg_tracker" "/workspace/cache/git-repos/https%3A%2F%2Fgithub.com%2Fstoryfeet%2Frpg_tracker", kill_on_drop: false }`
[INFO] [stderr] Cloning into bare repository '/workspace/cache/git-repos/https%3A%2F%2Fgithub.com%2Fstoryfeet%2Frpg_tracker'...
[INFO] running `Command { std: "git" "rev-parse" "HEAD", kill_on_drop: false }`
[INFO] [stdout] 90f45d796726582479f5829b852ff4ede875a6b8
[INFO] checking storyfeet/rpg_tracker against master#af3c6e733a40e671550e0f0f5aeecaa13772ba56 for pr-74989
[INFO] running `Command { std: "git" "clone" "/workspace/cache/git-repos/https%3A%2F%2Fgithub.com%2Fstoryfeet%2Frpg_tracker" "/workspace/builds/worker-13/source", kill_on_drop: false }`
[INFO] [stderr] Cloning into '/workspace/builds/worker-13/source'...
[INFO] [stderr] done.
[INFO] validating manifest of git repo https://github.com/storyfeet/rpg_tracker on toolchain af3c6e733a40e671550e0f0f5aeecaa13772ba56
[INFO] running `Command { std: "/workspace/cargo-home/bin/cargo" "+af3c6e733a40e671550e0f0f5aeecaa13772ba56" "read-manifest" "--manifest-path" "Cargo.toml", kill_on_drop: false }`
[INFO] started tweaking git repo https://github.com/storyfeet/rpg_tracker
[INFO] removed path dependency clap_conf from git repo https://github.com/storyfeet/rpg_tracker
[INFO] removed path dependency gobble from git repo https://github.com/storyfeet/rpg_tracker
[INFO] finished tweaking git repo https://github.com/storyfeet/rpg_tracker
[INFO] tweaked toml for git repo https://github.com/storyfeet/rpg_tracker written to /workspace/builds/worker-13/source/Cargo.toml
[INFO] crate git repo https://github.com/storyfeet/rpg_tracker already has a lockfile, it will not be regenerated
[INFO] running `Command { std: "/workspace/cargo-home/bin/cargo" "+af3c6e733a40e671550e0f0f5aeecaa13772ba56" "fetch" "--locked" "--manifest-path" "Cargo.toml", kill_on_drop: false }`
[INFO] [stderr] warning: dependency (clap_conf) specified without providing a local path, Git repository, or version to use. This will be considered an error in future versions
[INFO] [stderr] warning: dependency (gobble) specified without providing a local path, Git repository, or version to use. This will be considered an error in future versions
[INFO] [stderr]     Updating crates.io index
[INFO] [stderr] error: the lock file /workspace/builds/worker-13/source/Cargo.lock needs to be updated but --locked was passed to prevent this
[INFO] [stderr] If you want to try to generate the lock file without accessing the network, use the --offline flag.
[INFO] the lockfile is outdated, regenerating it
[INFO] running `Command { std: "/workspace/cargo-home/bin/cargo" "+af3c6e733a40e671550e0f0f5aeecaa13772ba56" "generate-lockfile" "--manifest-path" "Cargo.toml" "-Zno-index-update", kill_on_drop: false }`
[INFO] running `Command { std: "/workspace/cargo-home/bin/cargo" "+af3c6e733a40e671550e0f0f5aeecaa13772ba56" "fetch" "--locked" "--manifest-path" "Cargo.toml", kill_on_drop: false }`
[INFO] [stderr] warning: dependency (clap_conf) specified without providing a local path, Git repository, or version to use. This will be considered an error in future versions
[INFO] [stderr] warning: dependency (gobble) specified without providing a local path, Git repository, or version to use. This will be considered an error in future versions
[INFO] running `Command { std: "docker" "create" "-v" "/var/lib/crater-agent-workspace/builds/worker-13/target:/opt/rustwide/target:rw,Z" "-v" "/var/lib/crater-agent-workspace/builds/worker-13/source:/opt/rustwide/workdir:ro,Z" "-v" "/var/lib/crater-agent-workspace/cargo-home:/opt/rustwide/cargo-home:ro,Z" "-v" "/var/lib/crater-agent-workspace/rustup-home:/opt/rustwide/rustup-home:ro,Z" "-e" "SOURCE_DIR=/opt/rustwide/workdir" "-e" "CARGO_TARGET_DIR=/opt/rustwide/target" "-e" "CARGO_HOME=/opt/rustwide/cargo-home" "-e" "RUSTUP_HOME=/opt/rustwide/rustup-home" "-w" "/opt/rustwide/workdir" "-m" "1610612736" "--user" "0:0" "--network" "none" "rustops/crates-build-env@sha256:d92eaeed33fa75130ca1ee6c8a01d1ffb62bac859dfdfb3450e3e5d1c0146529" "/opt/rustwide/cargo-home/bin/cargo" "+af3c6e733a40e671550e0f0f5aeecaa13772ba56" "metadata" "--no-deps" "--format-version=1", kill_on_drop: false }`
[INFO] [stderr] WARNING: Your kernel does not support swap limit capabilities or the cgroup is not mounted. Memory limited without swap.
[INFO] [stdout] 86850a499b47d3f64da79a8ff9950b6c635d1864d94b4bc51375d48b55f946e1
[INFO] running `Command { std: "docker" "start" "-a" "86850a499b47d3f64da79a8ff9950b6c635d1864d94b4bc51375d48b55f946e1", kill_on_drop: false }`
[INFO] running `Command { std: "docker" "inspect" "86850a499b47d3f64da79a8ff9950b6c635d1864d94b4bc51375d48b55f946e1", kill_on_drop: false }`
[INFO] running `Command { std: "docker" "rm" "-f" "86850a499b47d3f64da79a8ff9950b6c635d1864d94b4bc51375d48b55f946e1", kill_on_drop: false }`
[INFO] [stdout] 86850a499b47d3f64da79a8ff9950b6c635d1864d94b4bc51375d48b55f946e1
[INFO] running `Command { std: "docker" "create" "-v" "/var/lib/crater-agent-workspace/builds/worker-13/target:/opt/rustwide/target:rw,Z" "-v" "/var/lib/crater-agent-workspace/builds/worker-13/source:/opt/rustwide/workdir:ro,Z" "-v" "/var/lib/crater-agent-workspace/cargo-home:/opt/rustwide/cargo-home:ro,Z" "-v" "/var/lib/crater-agent-workspace/rustup-home:/opt/rustwide/rustup-home:ro,Z" "-e" "SOURCE_DIR=/opt/rustwide/workdir" "-e" "CARGO_TARGET_DIR=/opt/rustwide/target" "-e" "CARGO_INCREMENTAL=0" "-e" "RUST_BACKTRACE=full" "-e" "RUSTFLAGS=--cap-lints=forbid" "-e" "CARGO_HOME=/opt/rustwide/cargo-home" "-e" "RUSTUP_HOME=/opt/rustwide/rustup-home" "-w" "/opt/rustwide/workdir" "-m" "1610612736" "--user" "0:0" "--network" "none" "rustops/crates-build-env@sha256:d92eaeed33fa75130ca1ee6c8a01d1ffb62bac859dfdfb3450e3e5d1c0146529" "/opt/rustwide/cargo-home/bin/cargo" "+af3c6e733a40e671550e0f0f5aeecaa13772ba56" "check" "--frozen" "--all" "--all-targets" "--message-format=json", kill_on_drop: false }`
[INFO] [stderr] WARNING: Your kernel does not support swap limit capabilities or the cgroup is not mounted. Memory limited without swap.
[INFO] [stdout] 982cdf535fef3235e04541b46afbfa0a02ead5394a92da807a7a6c3fa43e5001
[INFO] running `Command { std: "docker" "start" "-a" "982cdf535fef3235e04541b46afbfa0a02ead5394a92da807a7a6c3fa43e5001", kill_on_drop: false }`
[INFO] [stderr] warning: dependency (clap_conf) specified without providing a local path, Git repository, or version to use. This will be considered an error in future versions
[INFO] [stderr] warning: dependency (gobble) specified without providing a local path, Git repository, or version to use. This will be considered an error in future versions
[INFO] [stderr]    Compiling autocfg v1.0.1
[INFO] [stderr]    Compiling proc-macro2 v1.0.21
[INFO] [stderr]    Compiling unicode-xid v0.2.1
[INFO] [stderr]    Compiling libc v0.2.77
[INFO] [stderr]    Compiling syn v1.0.41
[INFO] [stderr]     Checking cfg-if v0.1.10
[INFO] [stderr]    Compiling strsim v0.9.3
[INFO] [stderr]    Compiling serde v1.0.116
[INFO] [stderr]    Compiling getrandom v0.1.15
[INFO] [stderr]     Checking unicode-width v0.1.8
[INFO] [stderr]    Compiling anyhow v1.0.32
[INFO] [stderr]    Compiling bitflags v1.2.1
[INFO] [stderr]     Checking gimli v0.22.0
[INFO] [stderr]     Checking adler v0.2.3
[INFO] [stderr]    Compiling failure_derive v0.1.8
[INFO] [stderr]    Compiling log v0.4.11
[INFO] [stderr]     Checking array-macro v1.0.5
[INFO] [stderr]     Checking rustc-demangle v0.1.16
[INFO] [stderr]     Checking ansi_term v0.11.0
[INFO] [stderr]     Checking stable_deref_trait v1.2.0
[INFO] [stderr]     Checking object v0.20.0
[INFO] [stderr]     Checking vec_map v0.8.2
[INFO] [stderr]     Checking strsim v0.8.0
[INFO] [stderr]    Compiling serde_derive v1.0.116
[INFO] [stderr]     Checking maplit v1.0.2
[INFO] [stderr]     Checking hashbrown v0.5.0
[INFO] [stderr]     Checking either v1.6.0
[INFO] [stderr]     Checking xi-unicode v0.2.1
[INFO] [stderr]    Compiling ncurses v5.99.0
[INFO] [stderr]     Checking crossbeam-utils v0.6.6
[INFO] [stderr]     Checking textwrap v0.11.0
[INFO] [stderr]     Checking owning_ref v0.4.1
[INFO] [stderr]     Checking itertools v0.8.2
[INFO] [stderr]    Compiling num-traits v0.2.12
[INFO] [stderr]    Compiling num-integer v0.1.43
[INFO] [stderr]    Compiling miniz_oxide v0.4.2
[INFO] [stderr]    Compiling num-iter v0.1.41
[INFO] [stderr]    Compiling num-rational v0.2.4
[INFO] [stderr]    Compiling num-complex v0.2.4
[INFO] [stderr]     Checking crossbeam-channel v0.3.9
[INFO] [stderr]     Checking signal-hook-registry v1.2.1
[INFO] [stderr]     Checking time v0.1.44
[INFO] [stderr]     Checking atty v0.2.14
[INFO] [stderr]     Checking term_size v0.3.2
[INFO] [stderr]     Checking clap v2.33.3
[INFO] [stderr]    Compiling quote v1.0.7
[INFO] [stderr]     Checking signal-hook v0.1.16
[INFO] [stderr]     Checking rand_core v0.5.1
[INFO] [stderr]     Checking rand_chacha v0.2.2
[INFO] [stderr]     Checking rand v0.7.3
[INFO] [stderr]     Checking chrono v0.4.15
[INFO] [stderr]     Checking num v0.2.1
[INFO] [stderr]     Checking addr2line v0.13.0
[INFO] [stderr]     Checking backtrace v0.3.50
[INFO] [stderr]     Checking toml v0.5.6
[INFO] [stderr]    Compiling darling_core v0.10.2
[INFO] [stderr]    Compiling synstructure v0.12.4
[INFO] [stderr]    Compiling thiserror-impl v1.0.20
[INFO] [stderr]    Compiling enum-map-derive v0.4.3
[INFO] [stderr]    Compiling darling_macro v0.10.2
[INFO] [stderr]     Checking enum-map v0.6.3
[INFO] [stderr]     Checking failure v0.1.8
[INFO] [stderr]     Checking thiserror v1.0.20
[INFO] [stderr]     Checking gobble v0.6.3
[INFO] [stderr]     Checking clap_conf v0.1.5
[INFO] [stderr]    Compiling darling v0.10.2
[INFO] [stderr]    Compiling enumset_derive v0.4.4
[INFO] [stderr]     Checking enumset v0.4.5
[INFO] [stderr]     Checking cursive v0.13.0
[INFO] [stderr]     Checking rpg_tracker v0.1.0 (/opt/rustwide/workdir)
[INFO] [stdout] error[E0432]: unresolved import `gobble::err::ParseError`
[INFO] [stdout]  --> src/error.rs:2:5
[INFO] [stdout]   |
[INFO] [stdout] 2 | use gobble::err::ParseError;
[INFO] [stdout]   |     ^^^^^^^^^^^^^^^^^^^^^^^ no `ParseError` in `err`
[INFO] [stdout] 
[INFO] [stdout] 
[INFO] [stdout] error[E0432]: unresolved import `gobble::err::ECode`
[INFO] [stdout]  --> src/expr.rs:8:5
[INFO] [stdout]   |
[INFO] [stdout] 8 | use gobble::err::ECode;
[INFO] [stdout]   |     ^^^^^^^^^^^^^^^^^^ no `ECode` in `err`
[INFO] [stdout] 
[INFO] [stdout] 
[INFO] [stdout] error[E0432]: unresolved imports `gobble::ECode`, `gobble::ParseError`
[INFO] [stdout]   --> src/main.rs:14:14
[INFO] [stdout]    |
[INFO] [stdout] 14 | use gobble::{ECode, ParseError};
[INFO] [stdout]    |              ^^^^^  ^^^^^^^^^^ no `ParseError` in the root
[INFO] [stdout]    |              |
[INFO] [stdout]    |              no `ECode` in the root
[INFO] [stdout] 
[INFO] [stdout] 
[INFO] [stdout] error[E0432]: unresolved import `gobble::err::ParseError`
[INFO] [stdout]  --> src/error.rs:2:5
[INFO] [stdout]   |
[INFO] [stdout] 2 | use gobble::err::ParseError;
[INFO] [stdout]   |     ^^^^^^^^^^^^^^^^^^^^^^^ no `ParseError` in `err`
[INFO] [stdout] 
[INFO] [stdout] 
[INFO] [stdout] error[E0432]: unresolved import `gobble::err::ECode`
[INFO] [stdout]  --> src/expr.rs:8:5
[INFO] [stdout]   |
[INFO] [stdout] 8 | use gobble::err::ECode;
[INFO] [stdout]   |     ^^^^^^^^^^^^^^^^^^ no `ECode` in `err`
[INFO] [stdout] 
[INFO] [stdout] 
[INFO] [stdout] error[E0432]: unresolved imports `gobble::ECode`, `gobble::ParseError`
[INFO] [stdout]   --> src/main.rs:14:14
[INFO] [stdout]    |
[INFO] [stdout] 14 | use gobble::{ECode, ParseError};
[INFO] [stdout]    |              ^^^^^  ^^^^^^^^^^ no `ParseError` in the root
[INFO] [stdout]    |              |
[INFO] [stdout]    |              no `ECode` in the root
[INFO] [stdout] 
[INFO] [stdout] 
[INFO] [stdout] error[E0433]: failed to resolve: use of undeclared type or module `ECode`
[INFO] [stdout]   --> src/nomp.rs:50:56
[INFO] [stdout]    |
[INFO] [stdout] 50 |         .try_map(|ns| isize::from_str(&ns).map_err(|_| ECode::SMess("Not a Num")))
[INFO] [stdout]    |                                                        ^^^^^ use of undeclared type or module `ECode`
[INFO] [stdout] 
[INFO] [stdout] 
[INFO] [stdout] error[E0433]: failed to resolve: use of undeclared type or module `ECode`
[INFO] [stdout]   --> src/nomp.rs:50:56
[INFO] [stdout]    |
[INFO] [stdout] 50 |         .try_map(|ns| isize::from_str(&ns).map_err(|_| ECode::SMess("Not a Num")))
[INFO] [stdout]    |                                                        ^^^^^ use of undeclared type or module `ECode`
[INFO] [stdout] 
[INFO] [stdout] 
[INFO] [stdout] error[E0425]: cannot find function `s_tag` in this scope
[INFO] [stdout]  --> src/nomp.rs:9:14
[INFO] [stdout]   |
[INFO] [stdout] 9 |     let ps = s_tag("+")
[INFO] [stdout]   |              ^^^^^ not found in this scope
[INFO] [stdout] 
[INFO] [stdout] 
[INFO] [stdout] error[E0425]: cannot find function `s_tag` in this scope
[INFO] [stdout]   --> src/nomp.rs:13:13
[INFO] [stdout]    |
[INFO] [stdout] 13 |         .or(s_tag("-")
[INFO] [stdout]    |             ^^^^^ not found in this scope
[INFO] [stdout] 
[INFO] [stdout] 
[INFO] [stdout] error[E0425]: cannot find function `s_tag` in this scope
[INFO] [stdout]   --> src/nomp.rs:17:13
[INFO] [stdout]    |
[INFO] [stdout] 17 |         .or(s_tag("return").ig_then(p_expr).map(|e| Action::Return(e)));
[INFO] [stdout]    |             ^^^^^ not found in this scope
[INFO] [stdout] 
[INFO] [stdout] 
[INFO] [stdout] error[E0425]: cannot find function `s_tag` in this scope
[INFO] [stdout]   --> src/nomp.rs:23:26
[INFO] [stdout]    |
[INFO] [stdout] 23 |     if let Ok((r2, _)) = s_tag(":").parse(&r) {
[INFO] [stdout]    |                          ^^^^^ not found in this scope
[INFO] [stdout] 
[INFO] [stdout] 
[INFO] [stdout] error[E0425]: cannot find function `tag` in this scope
[INFO] [stdout]   --> src/nomp.rs:26:49
[INFO] [stdout]    |
[INFO] [stdout] 26 |     if let Ok((r2, (oper, ex2))) = op().then_ig(tag("=")).then(p_expr).parse(&r) {
[INFO] [stdout]    |                                                 ^^^ not found in this scope
[INFO] [stdout] 
[INFO] [stdout] 
[INFO] [stdout] error[E0425]: cannot find function `s_tag` in this scope
[INFO] [stdout]   --> src/nomp.rs:29:29
[INFO] [stdout]    |
[INFO] [stdout] 29 |     if let Ok((r2, r_ex)) = s_tag("=").ig_then(p_expr).parse(&r) {
[INFO] [stdout]    |                             ^^^^^ not found in this scope
[INFO] [stdout] 
[INFO] [stdout] 
[INFO] [stdout] error[E0425]: cannot find function `s_tag` in this scope
[INFO] [stdout]   --> src/nomp.rs:30:30
[INFO] [stdout]    |
[INFO] [stdout] 30 |         if let Ok((r3, _)) = s_tag(":").parse(&r2) {
[INFO] [stdout]    |                              ^^^^^ not found in this scope
[INFO] [stdout] 
[INFO] [stdout] 
[INFO] [stdout] error[E0425]: cannot find function `read_fs` in this scope
[INFO] [stdout]   --> src/nomp.rs:40:18
[INFO] [stdout]    |
[INFO] [stdout] 40 |         .ig_then(read_fs(is_alpha, 1))
[INFO] [stdout]    |                  ^^^^^^^ not found in this scope
[INFO] [stdout] 
[INFO] [stdout] 
[INFO] [stdout] error[E0425]: cannot find function `read_fs` in this scope
[INFO] [stdout]   --> src/nomp.rs:41:15
[INFO] [stdout]    |
[INFO] [stdout] 41 |         .then(read_fs(is_alpha_num, 0))
[INFO] [stdout]    |               ^^^^^^^ not found in this scope
[INFO] [stdout] 
[INFO] [stdout] 
[INFO] [stdout] error[E0425]: cannot find value `is_alpha_num` in this scope
[INFO] [stdout]   --> src/nomp.rs:41:23
[INFO] [stdout]    |
[INFO] [stdout] 41 |         .then(read_fs(is_alpha_num, 0))
[INFO] [stdout]    |                       ^^^^^^^^^^^^ help: a function with a similar name exists: `is_alpha`
[INFO] [stdout]    | 
[INFO] [stdout]   ::: /opt/rustwide/cargo-home/registry/src/github.com-1ecc6299db9ec823/gobble-0.6.3/src/chars.rs:88:1
[INFO] [stdout]    |
[INFO] [stdout] 88 | pub fn is_alpha(c: char) -> bool {
[INFO] [stdout]    | -------------------------------- similarly named function `is_alpha` defined here
[INFO] [stdout] 
[INFO] [stdout] 
[INFO] [stdout] error[E0425]: cannot find function `read_fs` in this scope
[INFO] [stdout]   --> src/nomp.rs:49:18
[INFO] [stdout]    |
[INFO] [stdout] 49 |         .ig_then(read_fs(is_num, 1))
[INFO] [stdout]    |                  ^^^^^^^ not found in this scope
[INFO] [stdout] 
[INFO] [stdout] 
[INFO] [stdout] error[E0425]: cannot find function `tag` in this scope
[INFO] [stdout]   --> src/nomp.rs:54:19
[INFO] [stdout]    |
[INFO] [stdout] 54 |     ws(0).then_ig(tag(";").or(tag("\n")))
[INFO] [stdout]    |                   ^^^ not found in this scope
[INFO] [stdout] 
[INFO] [stdout] 
[INFO] [stdout] error[E0425]: cannot find function `tag` in this scope
[INFO] [stdout]   --> src/nomp.rs:54:31
[INFO] [stdout]    |
[INFO] [stdout] 54 |     ws(0).then_ig(tag(";").or(tag("\n")))
[INFO] [stdout]    |                               ^^^ not found in this scope
[INFO] [stdout] 
[INFO] [stdout] 
[INFO] [stdout] error[E0425]: cannot find function `tag` in this scope
[INFO] [stdout]   --> src/nomp.rs:60:13
[INFO] [stdout]    |
[INFO] [stdout] 60 |             tag("+")
[INFO] [stdout]    |             ^^^ not found in this scope
[INFO] [stdout] 
[INFO] [stdout] 
[INFO] [stdout] error[E0425]: cannot find function `tag` in this scope
[INFO] [stdout]   --> src/nomp.rs:61:21
[INFO] [stdout]    |
[INFO] [stdout] 61 |                 .or(tag("-"))
[INFO] [stdout]    |                     ^^^ not found in this scope
[INFO] [stdout] 
[INFO] [stdout] 
[INFO] [stdout] error[E0425]: cannot find function `tag` in this scope
[INFO] [stdout]   --> src/nomp.rs:62:21
[INFO] [stdout]    |
[INFO] [stdout] 62 |                 .or(tag("*"))
[INFO] [stdout]    |                     ^^^ not found in this scope
[INFO] [stdout] 
[INFO] [stdout] 
[INFO] [stdout] error[E0425]: cannot find function `tag` in this scope
[INFO] [stdout]   --> src/nomp.rs:63:21
[INFO] [stdout]    |
[INFO] [stdout] 63 |                 .or(tag("/"))
[INFO] [stdout]    |                     ^^^ not found in this scope
[INFO] [stdout] 
[INFO] [stdout] 
[INFO] [stdout] error[E0425]: cannot find function `tag` in this scope
[INFO] [stdout]   --> src/nomp.rs:64:21
[INFO] [stdout]    |
[INFO] [stdout] 64 |                 .or(tag("=="))
[INFO] [stdout]    |                     ^^^ not found in this scope
[INFO] [stdout] 
[INFO] [stdout] 
[INFO] [stdout] error[E0425]: cannot find function `tag` in this scope
[INFO] [stdout]   --> src/nomp.rs:65:21
[INFO] [stdout]    |
[INFO] [stdout] 65 |                 .or(tag("."))
[INFO] [stdout]    |                     ^^^ not found in this scope
[INFO] [stdout] 
[INFO] [stdout] 
[INFO] [stdout] error[E0425]: cannot find function `tag` in this scope
[INFO] [stdout]   --> src/nomp.rs:66:21
[INFO] [stdout]    |
[INFO] [stdout] 66 |                 .or(tag(">"))
[INFO] [stdout]    |                     ^^^ not found in this scope
[INFO] [stdout] 
[INFO] [stdout] 
[INFO] [stdout] error[E0425]: cannot find function `tag` in this scope
[INFO] [stdout]   --> src/nomp.rs:67:21
[INFO] [stdout]    |
[INFO] [stdout] 67 |                 .or(tag("<"))
[INFO] [stdout]    |                     ^^^ not found in this scope
[INFO] [stdout] 
[INFO] [stdout] 
[INFO] [stdout] error[E0425]: cannot find function `tag` in this scope
[INFO] [stdout]   --> src/nomp.rs:68:21
[INFO] [stdout]    |
[INFO] [stdout] 68 |                 .or(tag("/")),
[INFO] [stdout]    |                     ^^^ not found in this scope
[INFO] [stdout] 
[INFO] [stdout] 
[INFO] [stdout] error[E0425]: cannot find function `s_tag` in this scope
[INFO] [stdout]   --> src/nomp.rs:74:5
[INFO] [stdout]    |
[INFO] [stdout] 74 |     s_tag("[")
[INFO] [stdout]    |     ^^^^^ not found in this scope
[INFO] [stdout] 
[INFO] [stdout] 
[INFO] [stdout] error[E0425]: cannot find function `s_tag` in this scope
[INFO] [stdout]   --> src/nomp.rs:75:30
[INFO] [stdout]    |
[INFO] [stdout] 75 |         .ig_then(sep(p_expr, s_tag(","), false))
[INFO] [stdout]    |                              ^^^^^ not found in this scope
[INFO] [stdout] 
[INFO] [stdout] 
[INFO] [stdout] error[E0425]: cannot find function `s_tag` in this scope
[INFO] [stdout]   --> src/nomp.rs:76:18
[INFO] [stdout]    |
[INFO] [stdout] 76 |         .then_ig(s_tag("]"))
[INFO] [stdout]    |                  ^^^^^ not found in this scope
[INFO] [stdout] 
[INFO] [stdout] 
[INFO] [stdout] error[E0425]: cannot find function `s_tag` in this scope
[INFO] [stdout]   --> src/nomp.rs:82:18
[INFO] [stdout]    |
[INFO] [stdout] 82 |         .then_ig(s_tag(":"))
[INFO] [stdout]    |                  ^^^^^ not found in this scope
[INFO] [stdout] 
[INFO] [stdout] 
[INFO] [stdout] error[E0425]: cannot find function `s_tag` in this scope
[INFO] [stdout]   --> src/nomp.rs:88:5
[INFO] [stdout]    |
[INFO] [stdout] 88 |     s_tag("{")
[INFO] [stdout]    |     ^^^^^ not found in this scope
[INFO] [stdout] 
[INFO] [stdout] 
[INFO] [stdout] error[E0425]: cannot find function `repeat` in this scope
[INFO] [stdout]   --> src/nomp.rs:89:18
[INFO] [stdout]    |
[INFO] [stdout] 89 |         .ig_then(repeat(map_item().then_ig(maybe(s_tag(","))), 0))
[INFO] [stdout]    |                  ^^^^^^
[INFO] [stdout]    | 
[INFO] [stdout]   ::: /opt/rustwide/cargo-home/registry/src/github.com-1ecc6299db9ec823/gobble-0.6.3/src/repeater.rs:84:1
[INFO] [stdout]    |
[INFO] [stdout] 84 | pub fn repeat_n<A: Parser>(a: A, n: usize) -> Exact<A> {
[INFO] [stdout]    | ------------------------------------------------------ similarly named function `repeat_n` defined here
[INFO] [stdout]    |
[INFO] [stdout] help: a function with a similar name exists
[INFO] [stdout]    |
[INFO] [stdout] 89 |         .ig_then(repeat_n(map_item().then_ig(maybe(s_tag(","))), 0))
[INFO] [stdout]    |                  ^^^^^^^^
[INFO] [stdout] help: consider importing one of these items
[INFO] [stdout]    |
[INFO] [stdout] 1  | use core::iter::repeat;
[INFO] [stdout]    |
[INFO] [stdout] 1  | use crate::nomp::err::fmt::string::lossy::core_str::slice::repeat;
[INFO] [stdout]    |
[INFO] [stdout] 1  | use itertools::__std_iter::repeat;
[INFO] [stdout]    |
[INFO] [stdout] 1  | use std::io::repeat;
[INFO] [stdout]    |
[INFO] [stdout]      and 1 other candidate
[INFO] [stdout] 
[INFO] [stdout] 
[INFO] [stdout] error[E0425]: cannot find function `s_tag` in this scope
[INFO] [stdout]   --> src/nomp.rs:89:50
[INFO] [stdout]    |
[INFO] [stdout] 89 |         .ig_then(repeat(map_item().then_ig(maybe(s_tag(","))), 0))
[INFO] [stdout]    |                                                  ^^^^^ not found in this scope
[INFO] [stdout] 
[INFO] [stdout] 
[INFO] [stdout] error[E0425]: cannot find function `s_tag` in this scope
[INFO] [stdout]   --> src/nomp.rs:90:18
[INFO] [stdout]    |
[INFO] [stdout] 90 |         .then_ig(s_tag("}"))
[INFO] [stdout]    |                  ^^^^^ not found in this scope
[INFO] [stdout] 
[INFO] [stdout] 
[INFO] [stdout] error[E0425]: cannot find function `s_tag` in this scope
[INFO] [stdout]   --> src/nomp.rs:95:5
[INFO] [stdout]    |
[INFO] [stdout] 95 |     s_tag("{")
[INFO] [stdout]    |     ^^^^^ not found in this scope
[INFO] [stdout] 
[INFO] [stdout] 
[INFO] [stdout] error[E0425]: cannot find function `s_tag` in this scope
[INFO] [stdout]   --> src/nomp.rs:96:57
[INFO] [stdout]    |
[INFO] [stdout] 96 |         .ig_then(sep_until(maybe(pp_action), l_break(), s_tag("}")))
[INFO] [stdout]    |                                                         ^^^^^ not found in this scope
[INFO] [stdout] 
[INFO] [stdout] 
[INFO] [stdout] error[E0425]: cannot find function `s_tag` in this scope
[INFO] [stdout]    --> src/nomp.rs:102:5
[INFO] [stdout]     |
[INFO] [stdout] 102 |     s_tag("if")
[INFO] [stdout]     |     ^^^^^ not found in this scope
[INFO] [stdout] 
[INFO] [stdout] 
[INFO] [stdout] error[E0425]: cannot find function `s_tag` in this scope
[INFO] [stdout]    --> src/nomp.rs:105:21
[INFO] [stdout]     |
[INFO] [stdout] 105 |         .then(maybe(s_tag("else").ig_then(code_block())))
[INFO] [stdout]     |                     ^^^^^ not found in this scope
[INFO] [stdout] 
[INFO] [stdout] 
[INFO] [stdout] error[E0425]: cannot find function `tag` in this scope
[INFO] [stdout]    --> src/nomp.rs:117:15
[INFO] [stdout]     |
[INFO] [stdout] 117 |     let ps = (tag("true").map(|_| Expr::Bool(true)))
[INFO] [stdout]     |               ^^^ not found in this scope
[INFO] [stdout] 
[INFO] [stdout] 
[INFO] [stdout] error[E0425]: cannot find function `tag` in this scope
[INFO] [stdout]    --> src/nomp.rs:118:13
[INFO] [stdout]     |
[INFO] [stdout] 118 |         .or(tag("false").map(|_| Expr::Bool(false)))
[INFO] [stdout]     |             ^^^ not found in this scope
[INFO] [stdout] 
[INFO] [stdout] 
[INFO] [stdout] error[E0425]: cannot find function `tag` in this scope
[INFO] [stdout]    --> src/nomp.rs:120:13
[INFO] [stdout]     |
[INFO] [stdout] 120 |         .or(tag("\"")
[INFO] [stdout]     |             ^^^ not found in this scope
[INFO] [stdout] 
[INFO] [stdout] 
[INFO] [stdout] error[E0425]: cannot find function `esc` in this scope
[INFO] [stdout]    --> src/nomp.rs:121:22
[INFO] [stdout]     |
[INFO] [stdout] 121 |             .ig_then(esc('"', '\\').e_map('t', '\t'))
[INFO] [stdout]     |                      ^^^ not found in this scope
[INFO] [stdout] 
[INFO] [stdout] 
[INFO] [stdout] error[E0425]: cannot find function `s_tag` in this scope
[INFO] [stdout]    --> src/nomp.rs:123:13
[INFO] [stdout]     |
[INFO] [stdout] 123 |         .or(s_tag(".")
[INFO] [stdout]     |             ^^^^^ not found in this scope
[INFO] [stdout] 
[INFO] [stdout] 
[INFO] [stdout] error[E0425]: cannot find function `s_tag` in this scope
[INFO] [stdout]    --> src/nomp.rs:126:13
[INFO] [stdout]     |
[INFO] [stdout] 126 |         .or(s_tag(":")
[INFO] [stdout]     |             ^^^^^ not found in this scope
[INFO] [stdout] 
[INFO] [stdout] 
[INFO] [stdout] error[E0425]: cannot find function `s_tag` in this scope
[INFO] [stdout]    --> src/nomp.rs:129:13
[INFO] [stdout]     |
[INFO] [stdout] 129 |         .or(s_tag("-").ig_then(p_expr_l).map(|e| Expr::Neg(Box::new(e))))
[INFO] [stdout]     |             ^^^^^ not found in this scope
[INFO] [stdout] 
[INFO] [stdout] 
[INFO] [stdout] error[E0425]: cannot find function `s_tag` in this scope
[INFO] [stdout]    --> src/nomp.rs:130:13
[INFO] [stdout]     |
[INFO] [stdout] 130 |         .or(s_tag("$").ig_then(p_expr).map(|e| Expr::Deref(Box::new(e))))
[INFO] [stdout]     |             ^^^^^ not found in this scope
[INFO] [stdout] 
[INFO] [stdout] 
[INFO] [stdout] error[E0425]: cannot find function `s_tag` in this scope
[INFO] [stdout]    --> src/nomp.rs:131:13
[INFO] [stdout]     |
[INFO] [stdout] 131 |         .or(s_tag("(")
[INFO] [stdout]     |             ^^^^^ not found in this scope
[INFO] [stdout] 
[INFO] [stdout] 
[INFO] [stdout] error[E0425]: cannot find function `s_tag` in this scope
[INFO] [stdout]    --> src/nomp.rs:133:22
[INFO] [stdout]     |
[INFO] [stdout] 133 |             .then_ig(s_tag(")"))
[INFO] [stdout]     |                      ^^^^^ not found in this scope
[INFO] [stdout] 
[INFO] [stdout] 
[INFO] [stdout] warning: unused import: `crate::error::ActionError`
[INFO] [stdout]  --> src/proto.rs:1:5
[INFO] [stdout]   |
[INFO] [stdout] 1 | use crate::error::ActionError;
[INFO] [stdout]   |     ^^^^^^^^^^^^^^^^^^^^^^^^^
[INFO] [stdout]   |
[INFO] [stdout]   = note: `#[warn(unused_imports)]` on by default
[INFO] [stdout] 
[INFO] [stdout] 
[INFO] [stdout] warning: unused import: `crate::value::Value`
[INFO] [stdout]  --> src/proto.rs:2:5
[INFO] [stdout]   |
[INFO] [stdout] 2 | use crate::value::Value;
[INFO] [stdout]   |     ^^^^^^^^^^^^^^^^^^^
[INFO] [stdout] 
[INFO] [stdout] 
[INFO] [stdout] warning: use of deprecated function `gobble::ws`: use WS.any() or WS.min(n) instead
[INFO] [stdout]   --> src/nomp.rs:39:5
[INFO] [stdout]    |
[INFO] [stdout] 39 |     ws(0)
[INFO] [stdout]    |     ^^
[INFO] [stdout]    |
[INFO] [stdout]    = note: `#[warn(deprecated)]` on by default
[INFO] [stdout] 
[INFO] [stdout] 
[INFO] [stdout] warning: use of deprecated function `gobble::ws`: use WS.any() or WS.min(n) instead
[INFO] [stdout]   --> src/nomp.rs:48:5
[INFO] [stdout]    |
[INFO] [stdout] 48 |     ws(0)
[INFO] [stdout]    |     ^^
[INFO] [stdout] 
[INFO] [stdout] 
[INFO] [stdout] warning: use of deprecated function `gobble::ws`: use WS.any() or WS.min(n) instead
[INFO] [stdout]   --> src/nomp.rs:54:5
[INFO] [stdout]    |
[INFO] [stdout] 54 |     ws(0).then_ig(tag(";").or(tag("\n")))
[INFO] [stdout]    |     ^^
[INFO] [stdout] 
[INFO] [stdout] 
[INFO] [stdout] warning: use of deprecated function `gobble::ws`: use WS.any() or WS.min(n) instead
[INFO] [stdout]   --> src/nomp.rs:58:5
[INFO] [stdout]    |
[INFO] [stdout] 58 |     ws(0)
[INFO] [stdout]    |     ^^
[INFO] [stdout] 
[INFO] [stdout] 
[INFO] [stdout] warning: use of deprecated function `gobble::sep`: use sep_star instead
[INFO] [stdout]   --> src/nomp.rs:75:18
[INFO] [stdout]    |
[INFO] [stdout] 75 |         .ig_then(sep(p_expr, s_tag(","), false))
[INFO] [stdout]    |                  ^^^
[INFO] [stdout] 
[INFO] [stdout] 
[INFO] [stdout] warning: use of deprecated function `gobble::ws`: use WS.any() or WS.min(n) instead
[INFO] [stdout]    --> src/nomp.rs:140:5
[INFO] [stdout]     |
[INFO] [stdout] 140 |     ws(0).ig_then(ps).parse(i)
[INFO] [stdout]     |     ^^
[INFO] [stdout] 
[INFO] [stdout] 
[INFO] [stdout] warning: use of deprecated function `gobble::ws`: use WS.any() or WS.min(n) instead
[INFO] [stdout]    --> src/nomp.rs:145:5
[INFO] [stdout]     |
[INFO] [stdout] 145 |     ws(0)
[INFO] [stdout]     |     ^^
[INFO] [stdout] 
[INFO] [stdout] 
[INFO] [stdout] error[E0425]: cannot find function `s_tag` in this scope
[INFO] [stdout]  --> src/nomp.rs:9:14
[INFO] [stdout]   |
[INFO] [stdout] 9 |     let ps = s_tag("+")
[INFO] [stdout]   |              ^^^^^ not found in this scope
[INFO] [stdout] 
[INFO] [stdout] 
[INFO] [stdout] error[E0425]: cannot find function `s_tag` in this scope
[INFO] [stdout]   --> src/nomp.rs:13:13
[INFO] [stdout]    |
[INFO] [stdout] 13 |         .or(s_tag("-")
[INFO] [stdout]    |             ^^^^^ not found in this scope
[INFO] [stdout] 
[INFO] [stdout] 
[INFO] [stdout] error[E0425]: cannot find function `s_tag` in this scope
[INFO] [stdout]   --> src/nomp.rs:17:13
[INFO] [stdout]    |
[INFO] [stdout] 17 |         .or(s_tag("return").ig_then(p_expr).map(|e| Action::Return(e)));
[INFO] [stdout]    |             ^^^^^ not found in this scope
[INFO] [stdout] 
[INFO] [stdout] 
[INFO] [stdout] error[E0425]: cannot find function `s_tag` in this scope
[INFO] [stdout]   --> src/nomp.rs:23:26
[INFO] [stdout]    |
[INFO] [stdout] 23 |     if let Ok((r2, _)) = s_tag(":").parse(&r) {
[INFO] [stdout]    |                          ^^^^^ not found in this scope
[INFO] [stdout] 
[INFO] [stdout] 
[INFO] [stdout] error[E0425]: cannot find function `tag` in this scope
[INFO] [stdout]   --> src/nomp.rs:26:49
[INFO] [stdout]    |
[INFO] [stdout] 26 |     if let Ok((r2, (oper, ex2))) = op().then_ig(tag("=")).then(p_expr).parse(&r) {
[INFO] [stdout]    |                                                 ^^^ not found in this scope
[INFO] [stdout] 
[INFO] [stdout] 
[INFO] [stdout] error[E0425]: cannot find function `s_tag` in this scope
[INFO] [stdout]   --> src/nomp.rs:29:29
[INFO] [stdout]    |
[INFO] [stdout] 29 |     if let Ok((r2, r_ex)) = s_tag("=").ig_then(p_expr).parse(&r) {
[INFO] [stdout]    |                             ^^^^^ not found in this scope
[INFO] [stdout] 
[INFO] [stdout] 
[INFO] [stdout] error[E0425]: cannot find function `s_tag` in this scope
[INFO] [stdout]   --> src/nomp.rs:30:30
[INFO] [stdout]    |
[INFO] [stdout] 30 |         if let Ok((r3, _)) = s_tag(":").parse(&r2) {
[INFO] [stdout]    |                              ^^^^^ not found in this scope
[INFO] [stdout] 
[INFO] [stdout] 
[INFO] [stdout] error[E0425]: cannot find function `read_fs` in this scope
[INFO] [stdout]   --> src/nomp.rs:40:18
[INFO] [stdout]    |
[INFO] [stdout] 40 |         .ig_then(read_fs(is_alpha, 1))
[INFO] [stdout]    |                  ^^^^^^^ not found in this scope
[INFO] [stdout] 
[INFO] [stdout] 
[INFO] [stdout] error[E0425]: cannot find function `read_fs` in this scope
[INFO] [stdout]   --> src/nomp.rs:41:15
[INFO] [stdout]    |
[INFO] [stdout] 41 |         .then(read_fs(is_alpha_num, 0))
[INFO] [stdout]    |               ^^^^^^^ not found in this scope
[INFO] [stdout] 
[INFO] [stdout] 
[INFO] [stdout] error[E0425]: cannot find value `is_alpha_num` in this scope
[INFO] [stdout]   --> src/nomp.rs:41:23
[INFO] [stdout]    |
[INFO] [stdout] 41 |         .then(read_fs(is_alpha_num, 0))
[INFO] [stdout]    |                       ^^^^^^^^^^^^ help: a function with a similar name exists: `is_alpha`
[INFO] [stdout]    | 
[INFO] [stdout]   ::: /opt/rustwide/cargo-home/registry/src/github.com-1ecc6299db9ec823/gobble-0.6.3/src/chars.rs:88:1
[INFO] [stdout]    |
[INFO] [stdout] 88 | pub fn is_alpha(c: char) -> bool {
[INFO] [stdout]    | -------------------------------- similarly named function `is_alpha` defined here
[INFO] [stdout] 
[INFO] [stdout] 
[INFO] [stdout] error[E0425]: cannot find function `read_fs` in this scope
[INFO] [stdout]   --> src/nomp.rs:49:18
[INFO] [stdout]    |
[INFO] [stdout] 49 |         .ig_then(read_fs(is_num, 1))
[INFO] [stdout]    |                  ^^^^^^^ not found in this scope
[INFO] [stdout] 
[INFO] [stdout] 
[INFO] [stdout] error[E0425]: cannot find function `tag` in this scope
[INFO] [stdout]   --> src/nomp.rs:54:19
[INFO] [stdout]    |
[INFO] [stdout] 54 |     ws(0).then_ig(tag(";").or(tag("\n")))
[INFO] [stdout]    |                   ^^^ not found in this scope
[INFO] [stdout] 
[INFO] [stdout] 
[INFO] [stdout] error[E0425]: cannot find function `tag` in this scope
[INFO] [stdout]   --> src/nomp.rs:54:31
[INFO] [stdout]    |
[INFO] [stdout] 54 |     ws(0).then_ig(tag(";").or(tag("\n")))
[INFO] [stdout]    |                               ^^^ not found in this scope
[INFO] [stdout] 
[INFO] [stdout] 
[INFO] [stdout] error[E0425]: cannot find function `tag` in this scope
[INFO] [stdout]   --> src/nomp.rs:60:13
[INFO] [stdout]    |
[INFO] [stdout] 60 |             tag("+")
[INFO] [stdout]    |             ^^^ not found in this scope
[INFO] [stdout] 
[INFO] [stdout] 
[INFO] [stdout] error[E0425]: cannot find function `tag` in this scope
[INFO] [stdout]   --> src/nomp.rs:61:21
[INFO] [stdout]    |
[INFO] [stdout] 61 |                 .or(tag("-"))
[INFO] [stdout]    |                     ^^^ not found in this scope
[INFO] [stdout] 
[INFO] [stdout] 
[INFO] [stdout] error[E0425]: cannot find function `tag` in this scope
[INFO] [stdout]   --> src/nomp.rs:62:21
[INFO] [stdout]    |
[INFO] [stdout] 62 |                 .or(tag("*"))
[INFO] [stdout]    |                     ^^^ not found in this scope
[INFO] [stdout] 
[INFO] [stdout] 
[INFO] [stdout] error[E0425]: cannot find function `tag` in this scope
[INFO] [stdout]   --> src/nomp.rs:63:21
[INFO] [stdout]    |
[INFO] [stdout] 63 |                 .or(tag("/"))
[INFO] [stdout]    |                     ^^^ not found in this scope
[INFO] [stdout] 
[INFO] [stdout] 
[INFO] [stdout] error[E0425]: cannot find function `tag` in this scope
[INFO] [stdout]   --> src/nomp.rs:64:21
[INFO] [stdout]    |
[INFO] [stdout] 64 |                 .or(tag("=="))
[INFO] [stdout]    |                     ^^^ not found in this scope
[INFO] [stdout] 
[INFO] [stdout] 
[INFO] [stdout] error[E0425]: cannot find function `tag` in this scope
[INFO] [stdout]   --> src/nomp.rs:65:21
[INFO] [stdout]    |
[INFO] [stdout] 65 |                 .or(tag("."))
[INFO] [stdout]    |                     ^^^ not found in this scope
[INFO] [stdout] 
[INFO] [stdout] 
[INFO] [stdout] error[E0425]: cannot find function `tag` in this scope
[INFO] [stdout]   --> src/nomp.rs:66:21
[INFO] [stdout]    |
[INFO] [stdout] 66 |                 .or(tag(">"))
[INFO] [stdout]    |                     ^^^ not found in this scope
[INFO] [stdout] 
[INFO] [stdout] 
[INFO] [stdout] error[E0425]: cannot find function `tag` in this scope
[INFO] [stdout]   --> src/nomp.rs:67:21
[INFO] [stdout]    |
[INFO] [stdout] 67 |                 .or(tag("<"))
[INFO] [stdout]    |                     ^^^ not found in this scope
[INFO] [stdout] 
[INFO] [stdout] 
[INFO] [stdout] error[E0425]: cannot find function `tag` in this scope
[INFO] [stdout]   --> src/nomp.rs:68:21
[INFO] [stdout]    |
[INFO] [stdout] 68 |                 .or(tag("/")),
[INFO] [stdout]    |                     ^^^ not found in this scope
[INFO] [stdout] 
[INFO] [stdout] 
[INFO] [stdout] error[E0425]: cannot find function `s_tag` in this scope
[INFO] [stdout]   --> src/nomp.rs:74:5
[INFO] [stdout]    |
[INFO] [stdout] 74 |     s_tag("[")
[INFO] [stdout]    |     ^^^^^ not found in this scope
[INFO] [stdout] 
[INFO] [stdout] 
[INFO] [stdout] error[E0425]: cannot find function `s_tag` in this scope
[INFO] [stdout]   --> src/nomp.rs:75:30
[INFO] [stdout]    |
[INFO] [stdout] 75 |         .ig_then(sep(p_expr, s_tag(","), false))
[INFO] [stdout]    |                              ^^^^^ not found in this scope
[INFO] [stdout] 
[INFO] [stdout] 
[INFO] [stdout] error[E0425]: cannot find function `s_tag` in this scope
[INFO] [stdout]   --> src/nomp.rs:76:18
[INFO] [stdout]    |
[INFO] [stdout] 76 |         .then_ig(s_tag("]"))
[INFO] [stdout]    |                  ^^^^^ not found in this scope
[INFO] [stdout] 
[INFO] [stdout] 
[INFO] [stdout] error[E0425]: cannot find function `s_tag` in this scope
[INFO] [stdout]   --> src/nomp.rs:82:18
[INFO] [stdout]    |
[INFO] [stdout] 82 |         .then_ig(s_tag(":"))
[INFO] [stdout]    |                  ^^^^^ not found in this scope
[INFO] [stdout] 
[INFO] [stdout] 
[INFO] [stdout] error[E0425]: cannot find function `s_tag` in this scope
[INFO] [stdout]   --> src/nomp.rs:88:5
[INFO] [stdout]    |
[INFO] [stdout] 88 |     s_tag("{")
[INFO] [stdout]    |     ^^^^^ not found in this scope
[INFO] [stdout] 
[INFO] [stdout] 
[INFO] [stdout] error[E0425]: cannot find function `repeat` in this scope
[INFO] [stdout]   --> src/nomp.rs:89:18
[INFO] [stdout]    |
[INFO] [stdout] 89 |         .ig_then(repeat(map_item().then_ig(maybe(s_tag(","))), 0))
[INFO] [stdout]    |                  ^^^^^^
[INFO] [stdout]    | 
[INFO] [stdout]   ::: /opt/rustwide/cargo-home/registry/src/github.com-1ecc6299db9ec823/gobble-0.6.3/src/repeater.rs:84:1
[INFO] [stdout]    |
[INFO] [stdout] 84 | pub fn repeat_n<A: Parser>(a: A, n: usize) -> Exact<A> {
[INFO] [stdout]    | ------------------------------------------------------ similarly named function `repeat_n` defined here
[INFO] [stdout]    |
[INFO] [stdout] help: a function with a similar name exists
[INFO] [stdout]    |
[INFO] [stdout] 89 |         .ig_then(repeat_n(map_item().then_ig(maybe(s_tag(","))), 0))
[INFO] [stdout]    |                  ^^^^^^^^
[INFO] [stdout] help: consider importing one of these items
[INFO] [stdout]    |
[INFO] [stdout] 1  | use core::iter::repeat;
[INFO] [stdout]    |
[INFO] [stdout] 1  | use crate::nomp::err::fmt::string::lossy::core_str::slice::repeat;
[INFO] [stdout]    |
[INFO] [stdout] 1  | use itertools::__std_iter::repeat;
[INFO] [stdout]    |
[INFO] [stdout] 1  | use std::io::repeat;
[INFO] [stdout]    |
[INFO] [stdout]      and 1 other candidate
[INFO] [stdout] 
[INFO] [stdout] 
[INFO] [stdout] error[E0425]: cannot find function `s_tag` in this scope
[INFO] [stdout]   --> src/nomp.rs:89:50
[INFO] [stdout]    |
[INFO] [stdout] 89 |         .ig_then(repeat(map_item().then_ig(maybe(s_tag(","))), 0))
[INFO] [stdout]    |                                                  ^^^^^ not found in this scope
[INFO] [stdout] 
[INFO] [stdout] 
[INFO] [stdout] error[E0425]: cannot find function `s_tag` in this scope
[INFO] [stdout]   --> src/nomp.rs:90:18
[INFO] [stdout]    |
[INFO] [stdout] 90 |         .then_ig(s_tag("}"))
[INFO] [stdout]    |                  ^^^^^ not found in this scope
[INFO] [stdout] 
[INFO] [stdout] 
[INFO] [stdout] error[E0425]: cannot find function `s_tag` in this scope
[INFO] [stdout]   --> src/nomp.rs:95:5
[INFO] [stdout]    |
[INFO] [stdout] 95 |     s_tag("{")
[INFO] [stdout]    |     ^^^^^ not found in this scope
[INFO] [stdout] 
[INFO] [stdout] 
[INFO] [stdout] error[E0425]: cannot find function `s_tag` in this scope
[INFO] [stdout]   --> src/nomp.rs:96:57
[INFO] [stdout]    |
[INFO] [stdout] 96 |         .ig_then(sep_until(maybe(pp_action), l_break(), s_tag("}")))
[INFO] [stdout]    |                                                         ^^^^^ not found in this scope
[INFO] [stdout] 
[INFO] [stdout] 
[INFO] [stdout] error[E0425]: cannot find function `s_tag` in this scope
[INFO] [stdout]    --> src/nomp.rs:102:5
[INFO] [stdout]     |
[INFO] [stdout] 102 |     s_tag("if")
[INFO] [stdout]     |     ^^^^^ not found in this scope
[INFO] [stdout] 
[INFO] [stdout] 
[INFO] [stdout] error[E0425]: cannot find function `s_tag` in this scope
[INFO] [stdout]    --> src/nomp.rs:105:21
[INFO] [stdout]     |
[INFO] [stdout] 105 |         .then(maybe(s_tag("else").ig_then(code_block())))
[INFO] [stdout]     |                     ^^^^^ not found in this scope
[INFO] [stdout] 
[INFO] [stdout] 
[INFO] [stdout] error[E0425]: cannot find function `tag` in this scope
[INFO] [stdout]    --> src/nomp.rs:117:15
[INFO] [stdout]     |
[INFO] [stdout] 117 |     let ps = (tag("true").map(|_| Expr::Bool(true)))
[INFO] [stdout]     |               ^^^ not found in this scope
[INFO] [stdout] 
[INFO] [stdout] 
[INFO] [stdout] error[E0425]: cannot find function `tag` in this scope
[INFO] [stdout]    --> src/nomp.rs:118:13
[INFO] [stdout]     |
[INFO] [stdout] 118 |         .or(tag("false").map(|_| Expr::Bool(false)))
[INFO] [stdout]     |             ^^^ not found in this scope
[INFO] [stdout] 
[INFO] [stdout] 
[INFO] [stdout] error[E0425]: cannot find function `tag` in this scope
[INFO] [stdout]    --> src/nomp.rs:120:13
[INFO] [stdout]     |
[INFO] [stdout] 120 |         .or(tag("\"")
[INFO] [stdout]     |             ^^^ not found in this scope
[INFO] [stdout] 
[INFO] [stdout] 
[INFO] [stdout] error[E0425]: cannot find function `esc` in this scope
[INFO] [stdout]    --> src/nomp.rs:121:22
[INFO] [stdout]     |
[INFO] [stdout] 121 |             .ig_then(esc('"', '\\').e_map('t', '\t'))
[INFO] [stdout]     |                      ^^^ not found in this scope
[INFO] [stdout] 
[INFO] [stdout] 
[INFO] [stdout] error[E0425]: cannot find function `s_tag` in this scope
[INFO] [stdout]    --> src/nomp.rs:123:13
[INFO] [stdout]     |
[INFO] [stdout] 123 |         .or(s_tag(".")
[INFO] [stdout]     |             ^^^^^ not found in this scope
[INFO] [stdout] 
[INFO] [stdout] 
[INFO] [stdout] error[E0425]: cannot find function `s_tag` in this scope
[INFO] [stdout]    --> src/nomp.rs:126:13
[INFO] [stdout]     |
[INFO] [stdout] 126 |         .or(s_tag(":")
[INFO] [stdout]     |             ^^^^^ not found in this scope
[INFO] [stdout] 
[INFO] [stdout] 
[INFO] [stdout] error[E0425]: cannot find function `s_tag` in this scope
[INFO] [stdout]    --> src/nomp.rs:129:13
[INFO] [stdout]     |
[INFO] [stdout] 129 |         .or(s_tag("-").ig_then(p_expr_l).map(|e| Expr::Neg(Box::new(e))))
[INFO] [stdout]     |             ^^^^^ not found in this scope
[INFO] [stdout] 
[INFO] [stdout] 
[INFO] [stdout] error[E0425]: cannot find function `s_tag` in this scope
[INFO] [stdout]    --> src/nomp.rs:130:13
[INFO] [stdout]     |
[INFO] [stdout] 130 |         .or(s_tag("$").ig_then(p_expr).map(|e| Expr::Deref(Box::new(e))))
[INFO] [stdout]     |             ^^^^^ not found in this scope
[INFO] [stdout] 
[INFO] [stdout] 
[INFO] [stdout] error[E0425]: cannot find function `s_tag` in this scope
[INFO] [stdout]    --> src/nomp.rs:131:13
[INFO] [stdout]     |
[INFO] [stdout] 131 |         .or(s_tag("(")
[INFO] [stdout]     |             ^^^^^ not found in this scope
[INFO] [stdout] 
[INFO] [stdout] 
[INFO] [stdout] error[E0425]: cannot find function `s_tag` in this scope
[INFO] [stdout]    --> src/nomp.rs:133:22
[INFO] [stdout]     |
[INFO] [stdout] 133 |             .then_ig(s_tag(")"))
[INFO] [stdout]     |                      ^^^^^ not found in this scope
[INFO] [stdout] 
[INFO] [stdout] 
[INFO] [stdout] warning: unused import: `crate::error::ActionError`
[INFO] [stdout]  --> src/proto.rs:1:5
[INFO] [stdout]   |
[INFO] [stdout] 1 | use crate::error::ActionError;
[INFO] [stdout]   |     ^^^^^^^^^^^^^^^^^^^^^^^^^
[INFO] [stdout]   |
[INFO] [stdout]   = note: `#[warn(unused_imports)]` on by default
[INFO] [stdout] 
[INFO] [stdout] 
[INFO] [stdout] warning: unused import: `crate::value::Value`
[INFO] [stdout]  --> src/proto.rs:2:5
[INFO] [stdout]   |
[INFO] [stdout] 2 | use crate::value::Value;
[INFO] [stdout]   |     ^^^^^^^^^^^^^^^^^^^
[INFO] [stdout] 
[INFO] [stdout] 
[INFO] [stdout] error[E0107]: wrong number of type arguments: expected 0, found 1
[INFO] [stdout]   --> src/nomp.rs:38:27
[INFO] [stdout]    |
[INFO] [stdout] 38 | fn ident() -> impl Parser<String> {
[INFO] [stdout]    |                           ^^^^^^ unexpected type argument
[INFO] [stdout] 
[INFO] [stdout] 
[INFO] [stdout] warning: use of deprecated function `gobble::ws`: use WS.any() or WS.min(n) instead
[INFO] [stdout]   --> src/nomp.rs:39:5
[INFO] [stdout]    |
[INFO] [stdout] 39 |     ws(0)
[INFO] [stdout]    |     ^^
[INFO] [stdout]    |
[INFO] [stdout]    = note: `#[warn(deprecated)]` on by default
[INFO] [stdout] 
[INFO] [stdout] 
[INFO] [stdout] error[E0107]: wrong number of type arguments: expected 0, found 1
[INFO] [stdout]   --> src/nomp.rs:47:25
[INFO] [stdout]    |
[INFO] [stdout] 47 | fn num() -> impl Parser<isize> {
[INFO] [stdout]    |                         ^^^^^ unexpected type argument
[INFO] [stdout] 
[INFO] [stdout] 
[INFO] [stdout] warning: use of deprecated function `gobble::ws`: use WS.any() or WS.min(n) instead
[INFO] [stdout]   --> src/nomp.rs:48:5
[INFO] [stdout]    |
[INFO] [stdout] 48 |     ws(0)
[INFO] [stdout]    |     ^^
[INFO] [stdout] 
[INFO] [stdout] 
[INFO] [stdout] warning: use of deprecated function `gobble::ws`: use WS.any() or WS.min(n) instead
[INFO] [stdout]   --> src/nomp.rs:54:5
[INFO] [stdout]    |
[INFO] [stdout] 54 |     ws(0).then_ig(tag(";").or(tag("\n")))
[INFO] [stdout]    |     ^^
[INFO] [stdout] 
[INFO] [stdout] 
[INFO] [stdout] warning: use of deprecated function `gobble::ws`: use WS.any() or WS.min(n) instead
[INFO] [stdout]   --> src/nomp.rs:58:5
[INFO] [stdout]    |
[INFO] [stdout] 58 |     ws(0)
[INFO] [stdout]    |     ^^
[INFO] [stdout] 
[INFO] [stdout] 
[INFO] [stdout] warning: use of deprecated function `gobble::sep`: use sep_star instead
[INFO] [stdout]   --> src/nomp.rs:75:18
[INFO] [stdout]    |
[INFO] [stdout] 75 |         .ig_then(sep(p_expr, s_tag(","), false))
[INFO] [stdout]    |                  ^^^
[INFO] [stdout] 
[INFO] [stdout] 
[INFO] [stdout] warning: use of deprecated function `gobble::ws`: use WS.any() or WS.min(n) instead
[INFO] [stdout]    --> src/nomp.rs:140:5
[INFO] [stdout]     |
[INFO] [stdout] 140 |     ws(0).ig_then(ps).parse(i)
[INFO] [stdout]     |     ^^
[INFO] [stdout] 
[INFO] [stdout] 
[INFO] [stdout] warning: use of deprecated function `gobble::ws`: use WS.any() or WS.min(n) instead
[INFO] [stdout]    --> src/nomp.rs:145:5
[INFO] [stdout]     |
[INFO] [stdout] 145 |     ws(0)
[INFO] [stdout]     |     ^^
[INFO] [stdout] 
[INFO] [stdout] 
[INFO] [stdout] error[E0107]: wrong number of type arguments: expected 0, found 1
[INFO] [stdout]   --> src/nomp.rs:38:27
[INFO] [stdout]    |
[INFO] [stdout] 38 | fn ident() -> impl Parser<String> {
[INFO] [stdout]    |                           ^^^^^^ unexpected type argument
[INFO] [stdout] 
[INFO] [stdout] 
[INFO] [stdout] error[E0107]: wrong number of type arguments: expected 0, found 1
[INFO] [stdout]   --> src/nomp.rs:47:25
[INFO] [stdout]    |
[INFO] [stdout] 47 | fn num() -> impl Parser<isize> {
[INFO] [stdout]    |                         ^^^^^ unexpected type argument
[INFO] [stdout] 
[INFO] [stdout] 
[INFO] [stdout] error[E0277]: the size for values of type `str` cannot be known at compilation time
[INFO] [stdout]   --> src/nomp.rs:50:10
[INFO] [stdout]    |
[INFO] [stdout] 50 |         .try_map(|ns| isize::from_str(&ns).map_err(|_| ECode::SMess("Not a Num")))
[INFO] [stdout]    |          ^^^^^^^ doesn't have a size known at compile-time
[INFO] [stdout]    |
[INFO] [stdout]    = help: the trait `Sized` is not implemented for `str`
[INFO] [stdout] 
[INFO] [stdout] 
[INFO] [stdout] error[E0277]: the size for values of type `str` cannot be known at compilation time
[INFO] [stdout]   --> src/nomp.rs:50:19
[INFO] [stdout]    |
[INFO] [stdout] 50 |         .try_map(|ns| isize::from_str(&ns).map_err(|_| ECode::SMess("Not a Num")))
[INFO] [stdout]    |                   ^^ doesn't have a size known at compile-time
[INFO] [stdout]    |
[INFO] [stdout]    = help: the trait `Sized` is not implemented for `str`
[INFO] [stdout]    = help: unsized locals are gated as an unstable feature
[INFO] [stdout] help: function arguments must have a statically known size, borrowed types always have a known size
[INFO] [stdout]    |
[INFO] [stdout] 50 |         .try_map(|&ns| isize::from_str(&ns).map_err(|_| ECode::SMess("Not a Num")))
[INFO] [stdout]    |                   ^
[INFO] [stdout] 
[INFO] [stdout] 
[INFO] [stdout] error[E0107]: wrong number of type arguments: expected 0, found 1
[INFO] [stdout]   --> src/nomp.rs:53:33
[INFO] [stdout]    |
[INFO] [stdout] 53 | pub fn l_break() -> impl Parser<()> {
[INFO] [stdout]    |                                 ^^ unexpected type argument
[INFO] [stdout] 
[INFO] [stdout] 
[INFO] [stdout] error[E0107]: wrong number of type arguments: expected 0, found 1
[INFO] [stdout]   --> src/nomp.rs:57:24
[INFO] [stdout]    |
[INFO] [stdout] 57 | fn op() -> impl Parser<Op> {
[INFO] [stdout]    |                        ^^ unexpected type argument
[INFO] [stdout] 
[INFO] [stdout] 
[INFO] [stdout] error[E0107]: wrong number of type arguments: expected 0, found 1
[INFO] [stdout]   --> src/nomp.rs:73:26
[INFO] [stdout]    |
[INFO] [stdout] 73 | fn list() -> impl Parser<Expr> {
[INFO] [stdout]    |                          ^^^^ unexpected type argument
[INFO] [stdout] 
[INFO] [stdout] 
[INFO] [stdout] error[E0061]: this function takes 2 arguments but 3 arguments were supplied
[INFO] [stdout]   --> src/nomp.rs:75:18
[INFO] [stdout]    |
[INFO] [stdout] 75 |         .ig_then(sep(p_expr, s_tag(","), false))
[INFO] [stdout]    |                  ^^^ ------  ----------  ----- supplied 3 arguments
[INFO] [stdout]    |                  |
[INFO] [stdout]    |                  expected 2 arguments
[INFO] [stdout] 
[INFO] [stdout] 
[INFO] [stdout] error[E0107]: wrong number of type arguments: expected 0, found 1
[INFO] [stdout]   --> src/nomp.rs:80:30
[INFO] [stdout]    |
[INFO] [stdout] 80 | fn map_item() -> impl Parser<MapItem> {
[INFO] [stdout]    |                              ^^^^^^^ unexpected type argument
[INFO] [stdout] 
[INFO] [stdout] 
[INFO] [stdout] error[E0277]: the size for values of type `str` cannot be known at compilation time
[INFO] [stdout]   --> src/nomp.rs:50:10
[INFO] [stdout]    |
[INFO] [stdout] 50 |         .try_map(|ns| isize::from_str(&ns).map_err(|_| ECode::SMess("Not a Num")))
[INFO] [stdout]    |          ^^^^^^^ doesn't have a size known at compile-time
[INFO] [stdout]    |
[INFO] [stdout]    = help: the trait `Sized` is not implemented for `str`
[INFO] [stdout] 
[INFO] [stdout] 
[INFO] [stdout] error[E0277]: the size for values of type `str` cannot be known at compilation time
[INFO] [stdout]   --> src/nomp.rs:50:19
[INFO] [stdout]    |
[INFO] [stdout] 50 |         .try_map(|ns| isize::from_str(&ns).map_err(|_| ECode::SMess("Not a Num")))
[INFO] [stdout]    |                   ^^ doesn't have a size known at compile-time
[INFO] [stdout]    |
[INFO] [stdout]    = help: the trait `Sized` is not implemented for `str`
[INFO] [stdout]    = help: unsized locals are gated as an unstable feature
[INFO] [stdout] help: function arguments must have a statically known size, borrowed types always have a known size
[INFO] [stdout]    |
[INFO] [stdout] 50 |         .try_map(|&ns| isize::from_str(&ns).map_err(|_| ECode::SMess("Not a Num")))
[INFO] [stdout]    |                   ^
[INFO] [stdout] 
[INFO] [stdout] 
[INFO] [stdout] error[E0107]: wrong number of type arguments: expected 0, found 1
[INFO] [stdout]   --> src/nomp.rs:53:33
[INFO] [stdout]    |
[INFO] [stdout] 53 | pub fn l_break() -> impl Parser<()> {
[INFO] [stdout]    |                                 ^^ unexpected type argument
[INFO] [stdout] 
[INFO] [stdout] 
[INFO] [stdout] error[E0107]: wrong number of type arguments: expected 0, found 1
[INFO] [stdout]   --> src/nomp.rs:57:24
[INFO] [stdout]    |
[INFO] [stdout] 57 | fn op() -> impl Parser<Op> {
[INFO] [stdout]    |                        ^^ unexpected type argument
[INFO] [stdout] 
[INFO] [stdout] 
[INFO] [stdout] error[E0107]: wrong number of type arguments: expected 0, found 1
[INFO] [stdout]   --> src/nomp.rs:73:26
[INFO] [stdout]    |
[INFO] [stdout] 73 | fn list() -> impl Parser<Expr> {
[INFO] [stdout]    |                          ^^^^ unexpected type argument
[INFO] [stdout] 
[INFO] [stdout] 
[INFO] [stdout] error[E0061]: this function takes 2 arguments but 3 arguments were supplied
[INFO] [stdout]   --> src/nomp.rs:75:18
[INFO] [stdout]    |
[INFO] [stdout] 75 |         .ig_then(sep(p_expr, s_tag(","), false))
[INFO] [stdout]    |                  ^^^ ------  ----------  ----- supplied 3 arguments
[INFO] [stdout]    |                  |
[INFO] [stdout]    |                  expected 2 arguments
[INFO] [stdout] 
[INFO] [stdout] 
[INFO] [stdout] error[E0107]: wrong number of type arguments: expected 0, found 1
[INFO] [stdout]   --> src/nomp.rs:80:30
[INFO] [stdout]    |
[INFO] [stdout] 80 | fn map_item() -> impl Parser<MapItem> {
[INFO] [stdout]    |                              ^^^^^^^ unexpected type argument
[INFO] [stdout] 
[INFO] [stdout] 
[INFO] [stdout] error[E0308]: mismatched types
[INFO] [stdout]   --> src/nomp.rs:84:33
[INFO] [stdout]    |
[INFO] [stdout] 38 | fn ident() -> impl Parser<String> {
[INFO] [stdout]    |               ------------------- the found opaque type
[INFO] [stdout] ...
[INFO] [stdout] 84 |         .map(|(k, v)| MapItem { k, v })
[INFO] [stdout]    |                                 ^ expected struct `String`, found associated type
[INFO] [stdout]    |
[INFO] [stdout]    = note:       expected struct `String`
[INFO] [stdout]            found associated type `<impl gobble::Parser as gobble::Parser>::Out`
[INFO] [stdout]    = help: consider constraining the associated type `<impl gobble::Parser as gobble::Parser>::Out` to `String`
[INFO] [stdout]    = note: for more information, visit https://doc.rust-lang.org/book/ch19-03-advanced-traits.html
[INFO] [stdout] 
[INFO] [stdout] 
[INFO] [stdout] error[E0107]: wrong number of type arguments: expected 0, found 1
[INFO] [stdout]   --> src/nomp.rs:87:25
[INFO] [stdout]    |
[INFO] [stdout] 87 | fn map() -> impl Parser<Expr> {
[INFO] [stdout]    |                         ^^^^ unexpected type argument
[INFO] [stdout] 
[INFO] [stdout] 
[INFO] [stdout] error[E0107]: wrong number of type arguments: expected 0, found 1
[INFO] [stdout]   --> src/nomp.rs:94:32
[INFO] [stdout]    |
[INFO] [stdout] 94 | fn code_block() -> impl Parser<Vec<Action>> {
[INFO] [stdout]    |                                ^^^^^^^^^^^ unexpected type argument
[INFO] [stdout] 
[INFO] [stdout] 
[INFO] [stdout] error[E0107]: wrong number of type arguments: expected 0, found 1
[INFO] [stdout]    --> src/nomp.rs:100:31
[INFO] [stdout]     |
[INFO] [stdout] 100 | fn if_clause() -> impl Parser<Expr> {
[INFO] [stdout]     |                               ^^^^ unexpected type argument
[INFO] [stdout] 
[INFO] [stdout] 
[INFO] [stdout] error[E0308]: mismatched types
[INFO] [stdout]   --> src/nomp.rs:84:33
[INFO] [stdout]    |
[INFO] [stdout] 38 | fn ident() -> impl Parser<String> {
[INFO] [stdout]    |               ------------------- the found opaque type
[INFO] [stdout] ...
[INFO] [stdout] 84 |         .map(|(k, v)| MapItem { k, v })
[INFO] [stdout]    |                                 ^ expected struct `String`, found associated type
[INFO] [stdout]    |
[INFO] [stdout]    = note:       expected struct `String`
[INFO] [stdout]            found associated type `<impl gobble::Parser as gobble::Parser>::Out`
[INFO] [stdout]    = help: consider constraining the associated type `<impl gobble::Parser as gobble::Parser>::Out` to `String`
[INFO] [stdout]    = note: for more information, visit https://doc.rust-lang.org/book/ch19-03-advanced-traits.html
[INFO] [stdout] 
[INFO] [stdout] 
[INFO] [stdout] error[E0107]: wrong number of type arguments: expected 0, found 1
[INFO] [stdout]   --> src/nomp.rs:87:25
[INFO] [stdout]    |
[INFO] [stdout] 87 | fn map() -> impl Parser<Expr> {
[INFO] [stdout]    |                         ^^^^ unexpected type argument
[INFO] [stdout] 
[INFO] [stdout] 
[INFO] [stdout] error[E0107]: wrong number of type arguments: expected 0, found 1
[INFO] [stdout]   --> src/nomp.rs:94:32
[INFO] [stdout]    |
[INFO] [stdout] 94 | fn code_block() -> impl Parser<Vec<Action>> {
[INFO] [stdout]    |                                ^^^^^^^^^^^ unexpected type argument
[INFO] [stdout] 
[INFO] [stdout] 
[INFO] [stdout] error[E0107]: wrong number of type arguments: expected 0, found 1
[INFO] [stdout]    --> src/nomp.rs:100:31
[INFO] [stdout]     |
[INFO] [stdout] 100 | fn if_clause() -> impl Parser<Expr> {
[INFO] [stdout]     |                               ^^^^ unexpected type argument
[INFO] [stdout] 
[INFO] [stdout] 
[INFO] [stdout] error[E0308]: mismatched types
[INFO] [stdout]   --> src/nomp.rs:19:19
[INFO] [stdout]    |
[INFO] [stdout] 19 |         return Ok((r, v));
[INFO] [stdout]    |                   ^^^^^^ expected a tuple with 3 elements, found one with 2 elements
[INFO] [stdout]    |
[INFO] [stdout]    = note: expected tuple `(gobble::LCChars<'_>, Action, Option<PErr<'_>>)`
[INFO] [stdout]               found tuple `(gobble::LCChars<'_>, Action)`
[INFO] [stdout] 
[INFO] [stdout] 
[INFO] [stdout] error[E0308]: mismatched types
[INFO] [stdout]   --> src/nomp.rs:22:9
[INFO] [stdout]    |
[INFO] [stdout] 22 |     let (r, l_ex) = p_expr.parse(i)?;
[INFO] [stdout]    |         ^^^^^^^^^   ---------------- this expression has type `(gobble::LCChars<'_>, Expr, Option<PErr<'_>>)`
[INFO] [stdout]    |         |
[INFO] [stdout]    |         expected a tuple with 3 elements, found one with 2 elements
[INFO] [stdout]    |
[INFO] [stdout]    = note: expected tuple `(gobble::LCChars<'_>, Expr, Option<PErr<'_>>)`
[INFO] [stdout]               found tuple `(_, _)`
[INFO] [stdout] 
[INFO] [stdout] 
[INFO] [stdout] error[E0277]: the trait bound `expr::Expr: FromStr` is not satisfied
[INFO] [stdout]    --> src/expr.rs:235:33
[INFO] [stdout]     |
[INFO] [stdout] 235 |         let r: Expr = "(5 + 2)".parse().unwrap();
[INFO] [stdout]     |                                 ^^^^^ the trait `FromStr` is not implemented for `expr::Expr`
[INFO] [stdout] 
[INFO] [stdout] 
[INFO] [stdout] error[E0308]: mismatched types
[INFO] [stdout]   --> src/nomp.rs:24:19
[INFO] [stdout]    |
[INFO] [stdout] 24 |         return Ok((r2, Action::Select(l_ex)));
[INFO] [stdout]    |                   ^^^^^^^^^^^^^^^^^^^^^^^^^^ expected a tuple with 3 elements, found one with 2 elements
[INFO] [stdout]    |
[INFO] [stdout]    = note: expected tuple `(gobble::LCChars<'_>, Action, Option<PErr<'_>>)`
[INFO] [stdout]               found tuple `(gobble::LCChars<'_>, Action)`
[INFO] [stdout] 
[INFO] [stdout] 
[INFO] [stdout] error[E0308]: mismatched types
[INFO] [stdout]   --> src/nomp.rs:26:15
[INFO] [stdout]    |
[INFO] [stdout] 26 |     if let Ok((r2, (oper, ex2))) = op().then_ig(tag("=")).then(p_expr).parse(&r) {
[INFO] [stdout]    |               ^^^^^^^^^^^^^^^^^    --------------------------------------------- this expression has type `std::result::Result<(gobble::LCChars<'_>, (<impl gobble::Parser as gobble::Parser>::Out, Expr), Option<PErr<'_>>), PErr<'_>>`
[INFO] [stdout]    |               |
[INFO] [stdout]    |               expected a tuple with 3 elements, found one with 2 elements
[INFO] [stdout] ...
[INFO] [stdout] 57 | fn op() -> impl Parser<Op> {
[INFO] [stdout]    |            --------------- the expected opaque type
[INFO] [stdout]    |
[INFO] [stdout]    = note: expected tuple `(gobble::LCChars<'_>, (<impl gobble::Parser as gobble::Parser>::Out, Expr), Option<PErr<'_>>)`
[INFO] [stdout]               found tuple `(_, _)`
[INFO] [stdout] 
[INFO] [stdout] 
[INFO] [stdout] error[E0308]: mismatched types
[INFO] [stdout]    --> src/expr.rs:236:27
[INFO] [stdout]     |
[INFO] [stdout] 236 |         assert_eq!(r.eval(&scope), Ok(Value::Num(7)));
[INFO] [stdout]     |                           ^^^^^^ types differ in mutability
[INFO] [stdout]     |
[INFO] [stdout]     = note: expected mutable reference `&mut scope::Scope`
[INFO] [stdout]                        found reference `&scope::Scope`
[INFO] [stdout] 
[INFO] [stdout] 
[INFO] [stdout] error[E0277]: the trait bound `expr::Expr: FromStr` is not satisfied
[INFO] [stdout]    --> src/expr.rs:238:35
[INFO] [stdout]     |
[INFO] [stdout] 238 |         let r: Expr = "(5 +2 *2)".parse().unwrap();
[INFO] [stdout]     |                                   ^^^^^ the trait `FromStr` is not implemented for `expr::Expr`
[INFO] [stdout] 
[INFO] [stdout] 
[INFO] [stdout] error[E0308]: mismatched types
[INFO] [stdout]   --> src/nomp.rs:27:19
[INFO] [stdout]    |
[INFO] [stdout] 27 |         return Ok((r2, Action::OpSet(oper, l_ex, ex2)));
[INFO] [stdout]    |                   ^^^^^^^^^^^^^^^^^^^^^^^^^^^^^^^^^^^^ expected a tuple with 3 elements, found one with 2 elements
[INFO] [stdout]    |
[INFO] [stdout]    = note: expected tuple `(gobble::LCChars<'_>, Action, Option<PErr<'_>>)`
[INFO] [stdout]               found tuple `(gobble::LCChars<'_>, Action)`
[INFO] [stdout] 
[INFO] [stdout] 
[INFO] [stdout] error[E0308]: mismatched types
[INFO] [stdout]   --> src/nomp.rs:31:23
[INFO] [stdout]    |
[INFO] [stdout] 31 |             return Ok((r3, Action::SetSelect(l_ex, r_ex)));
[INFO] [stdout]    |                       ^^^^^^^^^^^^^^^^^^^^^^^^^^^^^^^^^^^ expected a tuple with 3 elements, found one with 2 elements
[INFO] [stdout]    |
[INFO] [stdout]    = note: expected tuple `(gobble::LCChars<'_>, Action, Option<PErr<'_>>)`
[INFO] [stdout]               found tuple `(gobble::LCChars<'_>, Action)`
[INFO] [stdout] 
[INFO] [stdout] 
[INFO] [stdout] error[E0308]: mismatched types
[INFO] [stdout]    --> src/expr.rs:239:27
[INFO] [stdout]     |
[INFO] [stdout] 239 |         assert_eq!(r.eval(&scope), Ok(Value::Num(9)));
[INFO] [stdout]     |                           ^^^^^^ types differ in mutability
[INFO] [stdout]     |
[INFO] [stdout]     = note: expected mutable reference `&mut scope::Scope`
[INFO] [stdout]                        found reference `&scope::Scope`
[INFO] [stdout] 
[INFO] [stdout] 
[INFO] [stdout] error[E0308]: mismatched types
[INFO] [stdout]   --> src/nomp.rs:33:19
[INFO] [stdout]    |
[INFO] [stdout] 33 |         return Ok((r2, Action::Set(l_ex, r_ex)));
[INFO] [stdout]    |                   ^^^^^^^^^^^^^^^^^^^^^^^^^^^^^ expected a tuple with 3 elements, found one with 2 elements
[INFO] [stdout]    |
[INFO] [stdout]    = note: expected tuple `(gobble::LCChars<'_>, Action, Option<PErr<'_>>)`
[INFO] [stdout]               found tuple `(gobble::LCChars<'_>, Action)`
[INFO] [stdout] 
[INFO] [stdout] 
[INFO] [stdout] error[E0308]: mismatched types
[INFO] [stdout]   --> src/nomp.rs:19:19
[INFO] [stdout]    |
[INFO] [stdout] 19 |         return Ok((r, v));
[INFO] [stdout]    |                   ^^^^^^ expected a tuple with 3 elements, found one with 2 elements
[INFO] [stdout]    |
[INFO] [stdout]    = note: expected tuple `(gobble::LCChars<'_>, Action, Option<PErr<'_>>)`
[INFO] [stdout]               found tuple `(gobble::LCChars<'_>, Action)`
[INFO] [stdout] 
[INFO] [stdout] 
[INFO] [stdout] error[E0308]: mismatched types
[INFO] [stdout]   --> src/nomp.rs:22:9
[INFO] [stdout]    |
[INFO] [stdout] 22 |     let (r, l_ex) = p_expr.parse(i)?;
[INFO] [stdout]    |         ^^^^^^^^^   ---------------- this expression has type `(gobble::LCChars<'_>, expr::Expr, Option<PErr<'_>>)`
[INFO] [stdout]    |         |
[INFO] [stdout]    |         expected a tuple with 3 elements, found one with 2 elements
[INFO] [stdout]    |
[INFO] [stdout]    = note: expected tuple `(gobble::LCChars<'_>, expr::Expr, Option<PErr<'_>>)`
[INFO] [stdout]               found tuple `(_, _)`
[INFO] [stdout] 
[INFO] [stdout] 
[INFO] [stdout] error[E0308]: mismatched types
[INFO] [stdout]   --> src/nomp.rs:35:8
[INFO] [stdout]    |
[INFO] [stdout] 35 |     Ok((r, Action::Resolve(l_ex)))
[INFO] [stdout]    |        ^^^^^^^^^^^^^^^^^^^^^^^^^^ expected a tuple with 3 elements, found one with 2 elements
[INFO] [stdout]    |
[INFO] [stdout]    = note: expected tuple `(gobble::LCChars<'_>, Action, Option<PErr<'_>>)`
[INFO] [stdout]               found tuple `(gobble::LCChars<'_>, Action)`
[INFO] [stdout] 
[INFO] [stdout] 
[INFO] [stdout] error[E0308]: mismatched types
[INFO] [stdout]   --> src/nomp.rs:24:19
[INFO] [stdout]    |
[INFO] [stdout] 24 |         return Ok((r2, Action::Select(l_ex)));
[INFO] [stdout]    |                   ^^^^^^^^^^^^^^^^^^^^^^^^^^ expected a tuple with 3 elements, found one with 2 elements
[INFO] [stdout]    |
[INFO] [stdout]    = note: expected tuple `(gobble::LCChars<'_>, Action, Option<PErr<'_>>)`
[INFO] [stdout]               found tuple `(gobble::LCChars<'_>, Action)`
[INFO] [stdout] 
[INFO] [stdout] 
[INFO] [stdout] error[E0308]: mismatched types
[INFO] [stdout]    --> src/nomp.rs:119:37
[INFO] [stdout]     |
[INFO] [stdout] 47  | fn num() -> impl Parser<isize> {
[INFO] [stdout]     |             ------------------ the found opaque type
[INFO] [stdout] ...
[INFO] [stdout] 119 |         .or(num().map(|v| Expr::Num(v)))
[INFO] [stdout]     |                                     ^ expected `isize`, found associated type
[INFO] [stdout]     |
[INFO] [stdout]     = note:         expected type `isize`
[INFO] [stdout]             found associated type `<impl gobble::Parser as gobble::Parser>::Out`
[INFO] [stdout]     = help: consider constraining the associated type `<impl gobble::Parser as gobble::Parser>::Out` to `isize`
[INFO] [stdout]     = note: for more information, visit https://doc.rust-lang.org/book/ch19-03-advanced-traits.html
[INFO] [stdout] 
[INFO] [stdout] 
[INFO] [stdout] error[E0308]: mismatched types
[INFO] [stdout]   --> src/nomp.rs:26:15
[INFO] [stdout]    |
[INFO] [stdout] 26 |     if let Ok((r2, (oper, ex2))) = op().then_ig(tag("=")).then(p_expr).parse(&r) {
[INFO] [stdout]    |               ^^^^^^^^^^^^^^^^^    --------------------------------------------- this expression has type `std::result::Result<(gobble::LCChars<'_>, (<impl gobble::Parser as gobble::Parser>::Out, expr::Expr), Option<PErr<'_>>), PErr<'_>>`
[INFO] [stdout]    |               |
[INFO] [stdout]    |               expected a tuple with 3 elements, found one with 2 elements
[INFO] [stdout] ...
[INFO] [stdout] 57 | fn op() -> impl Parser<Op> {
[INFO] [stdout]    |            --------------- the expected opaque type
[INFO] [stdout]    |
[INFO] [stdout]    = note: expected tuple `(gobble::LCChars<'_>, (<impl gobble::Parser as gobble::Parser>::Out, expr::Expr), Option<PErr<'_>>)`
[INFO] [stdout]               found tuple `(_, _)`
[INFO] [stdout] 
[INFO] [stdout] 
[INFO] [stdout] error[E0308]: mismatched types
[INFO] [stdout]    --> src/nomp.rs:138:41
[INFO] [stdout]     |
[INFO] [stdout] 38  | fn ident() -> impl Parser<String> {
[INFO] [stdout]     |               ------------------- the found opaque type
[INFO] [stdout] ...
[INFO] [stdout] 138 |         .or(ident().map(|e| Expr::Ident(e)));
[INFO] [stdout]     |                                         ^ expected struct `String`, found associated type
[INFO] [stdout]     |
[INFO] [stdout]     = note:       expected struct `String`
[INFO] [stdout]             found associated type `<impl gobble::Parser as gobble::Parser>::Out`
[INFO] [stdout]     = help: consider constraining the associated type `<impl gobble::Parser as gobble::Parser>::Out` to `String`
[INFO] [stdout]     = note: for more information, visit https://doc.rust-lang.org/book/ch19-03-advanced-traits.html
[INFO] [stdout] 
[INFO] [stdout] 
[INFO] [stdout] error[E0308]: mismatched types
[INFO] [stdout]   --> src/nomp.rs:27:19
[INFO] [stdout]    |
[INFO] [stdout] 27 |         return Ok((r2, Action::OpSet(oper, l_ex, ex2)));
[INFO] [stdout]    |                   ^^^^^^^^^^^^^^^^^^^^^^^^^^^^^^^^^^^^ expected a tuple with 3 elements, found one with 2 elements
[INFO] [stdout]    |
[INFO] [stdout]    = note: expected tuple `(gobble::LCChars<'_>, Action, Option<PErr<'_>>)`
[INFO] [stdout]               found tuple `(gobble::LCChars<'_>, Action)`
[INFO] [stdout] 
[INFO] [stdout] 
[INFO] [stdout] error[E0308]: mismatched types
[INFO] [stdout]    --> src/nomp.rs:149:45
[INFO] [stdout]     |
[INFO] [stdout] 57  | fn op() -> impl Parser<Op> {
[INFO] [stdout]     |            --------------- the found opaque type
[INFO] [stdout] ...
[INFO] [stdout] 149 |             Some((o, re)) => re.add_left(l, o),
[INFO] [stdout]     |                                             ^ expected enum `Op`, found associated type
[INFO] [stdout]     |
[INFO] [stdout]     = note:         expected enum `Op`
[INFO] [stdout]             found associated type `<impl gobble::Parser as gobble::Parser>::Out`
[INFO] [stdout]     = help: consider constraining the associated type `<impl gobble::Parser as gobble::Parser>::Out` to `Op`
[INFO] [stdout]     = note: for more information, visit https://doc.rust-lang.org/book/ch19-03-advanced-traits.html
[INFO] [stdout] 
[INFO] [stdout] 
[INFO] [stdout] error[E0599]: no method named `into_iter` found for tuple `(Vec<Option<Action>>, ())` in the current scope
[INFO] [stdout]   --> src/scope.rs:60:45
[INFO] [stdout]    |
[INFO] [stdout] 60 |         let v: Vec<Action> = ac.parse_s(s)?.into_iter().filter_map(|a| a).collect();
[INFO] [stdout]    |                                             ^^^^^^^^^ method not found in `(Vec<Option<Action>>, ())`
[INFO] [stdout]    |
[INFO] [stdout]    = note: the method `into_iter` exists but the following trait bounds were not satisfied:
[INFO] [stdout]            `(Vec<Option<Action>>, ()): Iterator`
[INFO] [stdout]            which is required by `(Vec<Option<Action>>, ()): IntoIterator`
[INFO] [stdout]            `&(Vec<Option<Action>>, ()): Iterator`
[INFO] [stdout]            which is required by `&(Vec<Option<Action>>, ()): IntoIterator`
[INFO] [stdout]            `&mut (Vec<Option<Action>>, ()): Iterator`
[INFO] [stdout]            which is required by `&mut (Vec<Option<Action>>, ()): IntoIterator`
[INFO] [stdout] 
[INFO] [stdout] 
[INFO] [stdout] error[E0308]: mismatched types
[INFO] [stdout]   --> src/nomp.rs:31:23
[INFO] [stdout]    |
[INFO] [stdout] 31 |             return Ok((r3, Action::SetSelect(l_ex, r_ex)));
[INFO] [stdout]    |                       ^^^^^^^^^^^^^^^^^^^^^^^^^^^^^^^^^^^ expected a tuple with 3 elements, found one with 2 elements
[INFO] [stdout]    |
[INFO] [stdout]    = note: expected tuple `(gobble::LCChars<'_>, Action, Option<PErr<'_>>)`
[INFO] [stdout]               found tuple `(gobble::LCChars<'_>, Action)`
[INFO] [stdout] 
[INFO] [stdout] 
[INFO] [stdout] error: aborting due to 73 previous errors; 9 warnings emitted
[INFO] [stdout] 
[INFO] [stdout] 
[INFO] [stdout] Some errors have detailed explanations: E0061, E0107, E0277, E0308, E0425, E0432, E0433, E0599.
[INFO] [stdout] 
[INFO] [stdout] For more information about an error, try `rustc --explain E0061`.
[INFO] [stdout] 
[INFO] [stderr] error: could not compile `rpg_tracker`.
[INFO] [stderr] 
[INFO] [stderr] To learn more, run the command again with --verbose.
[INFO] [stderr] warning: build failed, waiting for other jobs to finish...
[INFO] [stdout] error[E0308]: mismatched types
[INFO] [stdout]   --> src/nomp.rs:33:19
[INFO] [stdout]    |
[INFO] [stdout] 33 |         return Ok((r2, Action::Set(l_ex, r_ex)));
[INFO] [stdout]    |                   ^^^^^^^^^^^^^^^^^^^^^^^^^^^^^ expected a tuple with 3 elements, found one with 2 elements
[INFO] [stdout]    |
[INFO] [stdout]    = note: expected tuple `(gobble::LCChars<'_>, Action, Option<PErr<'_>>)`
[INFO] [stdout]               found tuple `(gobble::LCChars<'_>, Action)`
[INFO] [stdout] 
[INFO] [stdout] 
[INFO] [stdout] error[E0308]: mismatched types
[INFO] [stdout]   --> src/nomp.rs:35:8
[INFO] [stdout]    |
[INFO] [stdout] 35 |     Ok((r, Action::Resolve(l_ex)))
[INFO] [stdout]    |        ^^^^^^^^^^^^^^^^^^^^^^^^^^ expected a tuple with 3 elements, found one with 2 elements
[INFO] [stdout]    |
[INFO] [stdout]    = note: expected tuple `(gobble::LCChars<'_>, Action, Option<PErr<'_>>)`
[INFO] [stdout]               found tuple `(gobble::LCChars<'_>, Action)`
[INFO] [stdout] 
[INFO] [stdout] 
[INFO] [stdout] error[E0308]: mismatched types
[INFO] [stdout]    --> src/nomp.rs:119:37
[INFO] [stdout]     |
[INFO] [stdout] 47  | fn num() -> impl Parser<isize> {
[INFO] [stdout]     |             ------------------ the found opaque type
[INFO] [stdout] ...
[INFO] [stdout] 119 |         .or(num().map(|v| Expr::Num(v)))
[INFO] [stdout]     |                                     ^ expected `isize`, found associated type
[INFO] [stdout]     |
[INFO] [stdout]     = note:         expected type `isize`
[INFO] [stdout]             found associated type `<impl gobble::Parser as gobble::Parser>::Out`
[INFO] [stdout]     = help: consider constraining the associated type `<impl gobble::Parser as gobble::Parser>::Out` to `isize`
[INFO] [stdout]     = note: for more information, visit https://doc.rust-lang.org/book/ch19-03-advanced-traits.html
[INFO] [stdout] 
[INFO] [stdout] 
[INFO] [stdout] error[E0308]: mismatched types
[INFO] [stdout]    --> src/nomp.rs:138:41
[INFO] [stdout]     |
[INFO] [stdout] 38  | fn ident() -> impl Parser<String> {
[INFO] [stdout]     |               ------------------- the found opaque type
[INFO] [stdout] ...
[INFO] [stdout] 138 |         .or(ident().map(|e| Expr::Ident(e)));
[INFO] [stdout]     |                                         ^ expected struct `String`, found associated type
[INFO] [stdout]     |
[INFO] [stdout]     = note:       expected struct `String`
[INFO] [stdout]             found associated type `<impl gobble::Parser as gobble::Parser>::Out`
[INFO] [stdout]     = help: consider constraining the associated type `<impl gobble::Parser as gobble::Parser>::Out` to `String`
[INFO] [stdout]     = note: for more information, visit https://doc.rust-lang.org/book/ch19-03-advanced-traits.html
[INFO] [stdout] 
[INFO] [stdout] 
[INFO] [stdout] error[E0308]: mismatched types
[INFO] [stdout]    --> src/nomp.rs:149:45
[INFO] [stdout]     |
[INFO] [stdout] 57  | fn op() -> impl Parser<Op> {
[INFO] [stdout]     |            --------------- the found opaque type
[INFO] [stdout] ...
[INFO] [stdout] 149 |             Some((o, re)) => re.add_left(l, o),
[INFO] [stdout]     |                                             ^ expected enum `Op`, found associated type
[INFO] [stdout]     |
[INFO] [stdout]     = note:         expected enum `Op`
[INFO] [stdout]             found associated type `<impl gobble::Parser as gobble::Parser>::Out`
[INFO] [stdout]     = help: consider constraining the associated type `<impl gobble::Parser as gobble::Parser>::Out` to `Op`
[INFO] [stdout]     = note: for more information, visit https://doc.rust-lang.org/book/ch19-03-advanced-traits.html
[INFO] [stdout] 
[INFO] [stdout] 
[INFO] [stdout] error[E0599]: no method named `into_iter` found for tuple `(Vec<Option<Action>>, ())` in the current scope
[INFO] [stdout]   --> src/scope.rs:60:45
[INFO] [stdout]    |
[INFO] [stdout] 60 |         let v: Vec<Action> = ac.parse_s(s)?.into_iter().filter_map(|a| a).collect();
[INFO] [stdout]    |                                             ^^^^^^^^^ method not found in `(Vec<Option<Action>>, ())`
[INFO] [stdout]    |
[INFO] [stdout]    = note: the method `into_iter` exists but the following trait bounds were not satisfied:
[INFO] [stdout]            `(Vec<Option<Action>>, ()): Iterator`
[INFO] [stdout]            which is required by `(Vec<Option<Action>>, ()): IntoIterator`
[INFO] [stdout]            `&(Vec<Option<Action>>, ()): Iterator`
[INFO] [stdout]            which is required by `&(Vec<Option<Action>>, ()): IntoIterator`
[INFO] [stdout]            `&mut (Vec<Option<Action>>, ()): Iterator`
[INFO] [stdout]            which is required by `&mut (Vec<Option<Action>>, ()): IntoIterator`
[INFO] [stdout] 
[INFO] [stdout] 
[INFO] [stdout] error: aborting due to 77 previous errors; 9 warnings emitted
[INFO] [stdout] 
[INFO] [stdout] 
[INFO] [stdout] Some errors have detailed explanations: E0061, E0107, E0277, E0308, E0425, E0432, E0433, E0599.
[INFO] [stdout] 
[INFO] [stdout] For more information about an error, try `rustc --explain E0061`.
[INFO] [stdout] 
[INFO] [stderr] error: build failed
[INFO] running `Command { std: "docker" "inspect" "982cdf535fef3235e04541b46afbfa0a02ead5394a92da807a7a6c3fa43e5001", kill_on_drop: false }`
[INFO] running `Command { std: "docker" "rm" "-f" "982cdf535fef3235e04541b46afbfa0a02ead5394a92da807a7a6c3fa43e5001", kill_on_drop: false }`
[INFO] [stdout] 982cdf535fef3235e04541b46afbfa0a02ead5394a92da807a7a6c3fa43e5001
